its digit of (80/25)/(u/5)?
6
Let x = 2 - 3. Let y be ((-1)/x)/((-2)/(-8)). Let z(p) = p**3 - 5*p**2 + 5*p + 3. What is the units digit of z(y)?
7
Let y(p) = 16*p**2. Let b be y(1). Let m = -9 + b. What is the units digit of m?
7
Suppose -3*g - 66 = -5*r, 2*r - 4*g - 3 = 15. Let d(u) = -2*u**3 - u**2 - u. Let o be d(-1). Let v = o + r. What is the tens digit of v?
1
Let g(w) = -w**2 + 9*w + 4. Let i be g(7). Let f be (-94)/i - 8/(-36). Let l = 7 + f. What is the units digit of l?
2
Let z(d) be the first derivative of -d - 1/2*d**2 - 1 + 4/3*d**3. What is the tens digit of z(2)?
1
Let r(t) = -21*t - 8. Let z be r(-5). Let o = z + -45. What is the units digit of o?
2
Let q = -32 - -53. Suppose p - 3*v - 15 = 0, 2*p - 4*p = -3*v - q. Suppose -w + p = -0. What is the units digit of w?
6
Suppose 2*x - 2*u = 282, -418 = -3*x + 3*u - u. What is the units digit of x?
6
Let z be (-56)/(-6) + 2/(-6). Suppose 0 = 13*a - z*a - 12. What is the units digit of a?
3
Let x(p) = -2*p + 40. What is the tens digit of x(-16)?
7
Suppose 2*h + 3 = -5*s + 34, 3*h = s + 4. Suppose 4*z = 0, s*j = -5*z + 2*z + 25. What is the units digit of j?
5
Suppose -96 = -2*c - 0*c. What is the units digit of c?
8
Suppose 4*b - 166 + 26 = 0. What is the tens digit of b?
3
Let b = -8 + 20. What is the units digit of b?
2
Suppose -5*h - 2*q + 27 = q, 22 = 2*h + 4*q. Let z(s) = -1 - s**2 + 11 - h. What is the units digit of z(0)?
7
Let w(r) = r + 12. Let l be w(-9). Suppose l*g - 8 = -f, -4*g + 3 + 8 = f. Suppose -5*s - y + 77 = -4*y, g*s - 2*y - 47 = 0. What is the units digit of s?
3
Suppose -2*v + 98 = -5*k, 5*v = -0*k + 3*k + 207. Suppose 0 = -3*h + x + v, -4*x + 3*x = 4*h - 52. What is the units digit of h?
3
Suppose 5*f + 2*a = 1162, 4*f + 5*a - 1165 = -f. What is the tens digit of f?
3
Let a(u) = u**2 - 16*u - 20. What is the tens digit of a(19)?
3
Suppose -4*t + 4*l + 28 = 0, -20 = -2*t - t + 2*l. Suppose 2*a = 4*a - t. What is the units digit of a?
3
Suppose -4*k - 8 = 0, 3*o + 0*k - 446 = k. What is the hundreds digit of o?
1
Let v = 188 - 108. What is the units digit of v?
0
Let q(t) = t**3 - 5*t**2 - t + 2. Let o be q(5). Suppose 9 = 2*n + 5*c, 3*n + 12 = c + 51. Let j = n + o. What is the units digit of j?
9
Let v = 14 + -10. Suppose -v*c + 3*c = -5*j - 26, -c - 5*j = 14. What is the units digit of c?
6
Let f = 239 + -137. What is the hundreds digit of f?
1
Let j be 4/10 - (-24)/(-10). Let h be ((-30)/(-9))/(j/(-3)). Suppose -3*l + h = 2*l. What is the units digit of l?
1
Let z(m) = 4*m - 3. Suppose 4*k = -14 - 10. Let g(r) = r - 1. Let y(t) = k*g(t) + 3*z(t). What is the units digit of y(2)?
9
Let f = 50 + -34. What is the tens digit of f?
1
Suppose -2*y = 3*v + 2, 5*v + 0 = y + 1. What is the tens digit of ((-112)/(-20))/(y/(-5))?
2
Suppose -3*w - w + 3*o = -166, 3*o = 3*w - 126. Let f = w + -74. What is the units digit of (-4)/10 - f/10?
3
Let v = -1 + 4. Suppose a + z - 3 = 0, v*a + z - 7 = a. What is the units digit of a?
4
Let k = 14 + 2. Let r be ((-130)/4)/(-5)*k. Suppose -5*p - 34 = -r. What is the units digit of p?
4
Let q(b) = 1 + 51*b - 56*b + 8*b**2 - 3 - b**3. What is the tens digit of q(7)?
1
Let g(t) = -t**3 - 8*t**2 - 16*t - 11. What is the hundreds digit of g(-8)?
1
Suppose -8 = 2*z - 0. Let a(v) = 2*v**2 + v + 5. What is the units digit of a(z)?
3
Suppose 9 = 2*g - 5*g. Let b(f) be the second derivative of f**4/12 + f**3/6 + 3*f**2/2 - 2*f. What is the units digit of b(g)?
9
Let p(y) = -y**3 + y**2 + 2*y. Let d be p(-6). Suppose 3*t + 3*t - d = 0. What is the units digit of t?
0
Let q(l) = l**3 + 4*l**2 - l + 11. Let m(y) = -y**3 - 4*y**2 + y - 10. Let r(n) = -7*m(n) - 6*q(n). What is the units digit of r(-4)?
8
Let w = 57 - 32. What is the tens digit of w?
2
Let y(o) be the first derivative of -o**4/2 - o**3 + o**2/2 + 2*o - 1. Let w be (-10)/6 + (-3)/9. What is the units digit of y(w)?
4
Let l(w) = 6*w**2 + 3*w - 10. What is the units digit of l(5)?
5
Let j be (-1)/(-2 + 3) - -42. Suppose -2*g + 37 = -c, 3*g - g = -3*c + j. What is the units digit of g?
9
Suppose 3*l + 25 - 76 = 0. What is the units digit of l?
7
Suppose -4*q + 92 = -3*q. Suppose 4*s - 8*y = -3*y + q, 0 = 3*y - 12. What is the tens digit of s?
2
Let k(g) = g**3 + 18*g**2 + 15*g - 10. What is the tens digit of k(-17)?
2
Suppose -39*s = -36*s - 357. What is the tens digit of s?
1
Let c(m) = m**3 + 11*m**2 + 9*m + 14. What is the units digit of c(-10)?
4
Suppose 0 = 5*s + 2*v - 7, s - 5*v = -0*s + 23. Let i = -2 + 3. Let q = i + s. What is the units digit of q?
4
Let n(d) = d + 10. Let x be n(-5). Suppose -x*f + 42 = -38. What is the tens digit of f?
1
Let w = 526 - 360. What is the tens digit of w?
6
Let k(p) = 182*p - 6. What is the tens digit of k(1)?
7
Let z(p) = 2*p**3 - p**2 + 2*p. What is the units digit of z(2)?
6
Let m be (2 - -2 - 2)*2. Suppose m*s + 3 = 23, 4*a = 4*s. Suppose -a*n = -4*n - 19. What is the units digit of n?
9
Suppose -5*a + 82 = -53. Let q = 61 - a. What is the units digit of q?
4
Suppose 6*t = 5*t - i - 4, -2*i - 12 = 3*t. Let q = 10 + t. What is the units digit of q?
6
What is the tens digit of 8/(-2) + 1 + 22?
1
Suppose 0 = -5*p + 4*s + 40, 2*s - 3*s = 2*p - 3. Suppose -3*v + p + 2 = 0. Suppose -4*f = -v*f - 38. What is the tens digit of f?
1
What is the units digit of (-23)/(-1) + 5*27/(-45)?
0
Let w = 247 + -159. Suppose -5*h = 3*v - w, -6*v + 98 = -3*v - 5*h. What is the tens digit of v?
3
Let t be 30 + (-9)/(-3) + -3. Let q = 57 - t. What is the units digit of q?
7
Let p(r) = -r**3 + 3*r**2 + 14*r - 17. What is the hundreds digit of p(-7)?
3
Let i = -9 + 12. Suppose -81 - i = -3*r - 5*c, -5*r = 4*c - 140. What is the units digit of r?
8
Suppose -k = 4*y - 27, 3*k - 2*y - 6 = 5. Let a be (k/3)/((-2)/6). Let h = a - -19. What is the units digit of h?
2
Let i = 19 + -9. What is the units digit of i + (1 - (-3 + 7))?
7
Suppose -x = 3*x - 4*y + 20, 11 = -x - 5*y. Let m(q) = -9*q - 13. What is the units digit of m(x)?
1
Let w be 4/4 - 1*8. Suppose -2*q - 2*c = -2, 2*q + 3 = 2*c + 1. What is the units digit of (q - -20) + 6 + w?
9
Suppose -5*z - 5 = -20. Suppose -p = -y - y - 13, 0 = -2*p - z*y + 5. What is the units digit of p?
7
Suppose 4*t + 4*u - 140 = 0, -2*u - u - 87 = -3*t. What is the units digit of t?
2
Let r(p) = p**2 - 4*p + 2. Let z be (-2)/(-5) - (-46)/10. Let i be r(z). Suppose -4*w + i = -1. What is the units digit of w?
2
Let f(y) = y**2 - 4*y - 12. What is the units digit of f(9)?
3
Suppose -4*c - 135 = -9*c. Suppose 4*p = p + c. What is the units digit of p?
9
Suppose -4*k - 1000 = -4*t, -9*t + 1005 = -5*t + k. What is the units digit of t?
1
What is the tens digit of (-30)/(-9)*420/25?
5
Let c be 6/(-24) - 2/(-8). Let u(f) = 19*f**2 + 1. Let w be u(1). Suppose c = 5*m - 0*m - w. What is the units digit of m?
4
Let w(h) = h**2 + 8*h + 6. Let l be w(-6). Let p(s) = s**2 + 7*s + 6. Let t be p(l). Suppose 3*y = -t*y + 9, -5*x + 40 = -5*y. What is the units digit of x?
1
Suppose -4*u - i + 6 = -7, 3*i - 11 = -5*u. Let p be 0 + 1 + 4/(-2). Let t = p + u. What is the units digit of t?
3
What is the hundreds digit of (124 - (-1 + 1)) + 16/(-4)?
1
Let o(j) = 3*j**2 - 1. Let g(c) = c**2 - 6*c + 4. Let k be g(5). Let x be o(k). Suppose x*h - 7 = -h + 4*t, -4*t - 17 = -5*h. What is the units digit of h?
5
What is the units digit of 8/28 - (-467)/7?
7
Let t = -64 + 109. Let z(d) = 5*d**2 + d + 3. Let n be z(-3). Suppose t = 5*m + 2*c, 3*c - n = -5*m - 0. What is the units digit of m?
9
Let x(p) = 15*p - 30. What is the hundreds digit of x(9)?
1
Let t be ((-5)/4)/((-1)/4). Suppose -10 = -t*a + 5*w, 3*w + 0 + 2 = 2*a. Suppose -a*f = -20, -5*v + 29 = 4*f - 31. What is the units digit of v?
8
Let o(z) = 3*z - 18. Let u(q) = q - 1. Let b(s) = -o(s) + 4*u(s). What is the tens digit of b(0)?
1
Let f = 2 - 11. Let k(y) = -2*y + 8. What is the units digit of k(f)?
6
Let y = -4 + 4. Suppose 2*l = -b + 36 - 8, y = -2*l - 2*b + 26. What is the units digit of l?
5
Let t be -38 - (2 - (-4)/(-2)). Let l = t - -26. What is the units digit of 23/4 + 9/l?
5
Let y(o) = o**2 - 6*o + 2. Let r be (2/6)/((-3)/(-27)). Suppose r*u - 15 = 3*z, -4*u - z + 2*z + 23 = 0. What is the units digit of y(u)?
2
What is the tens digit of (1 + 0)*(0 - -56)?
5
Suppose -4*h + 65 = a, -h +